
38
Calculate the remainder when 1752869 is divided by 35.
34
Calculate the remainder when 753719 is divided by 22.
21
Calculate the remainder when 67342 is divided by 23.
21
Calculate the remainder when 28916 is divided by 1112.
4
What is the remainder when 25255 is divided by 664?
23
Calculate the remainder when 419 is divided by 351.
68
What is the remainder when 26884 is divided by 128?
4
What is the remainder when 170576 is divided by 98?
56
What is the remainder when 34140 is divided by 11168?
636
What is the remainder when 4532 is divided by 65?
47
Calculate the remainder when 783637 is divided by 40.
37
What is the remainder when 65135 is divided by 2505?
5
What is the remainder when 16267 is divided by 23?
6
What is the remainder when 14325 is divided by 9?
6
Calculate the remainder when 68568 is divided by 39.
6
Calculate the remainder when 196103 is divided by 18.
11
Calculate the remainder when 3455 is divided by 101.
21
Calculate the remainder when 2338 is divided by 1136.
66
What is the remainder when 1643 is divided by 388?
91
Calculate the remainder when 18273 is divided by 127.
112
What is the remainder when 33006 is divided by 44?
6
What is the remainder when 30815 is divided by 180?
35
Calculate the remainder when 25803 is divided by 34.
31
What is the remainder when 138043 is divided by 17255?
3
Calculate the remainder when 4024 is divided by 376.
264
What is the remainder when 3586 is divided by 44?
22
Calculate the remainder when 758367 is divided by 10.
7
Calculate the remainder when 26974 is divided by 16.
14
Calculate the remainder when 2075 is divided by 161.
143
What is the remainder when 32435 is divided by 212?
211
What is the remainder when 730 is divided by 307?
116
Calculate the remainder when 7444 is divided by 2479.
7
What is the remainder when 8396 is divided by 19?
17
Calculate the remainder when 1366 is divided by 1285.
81
Calculate the remainder when 29230 is divided by 7269.
154
What is the remainder when 51916 is divided by 88?
84
What is the remainder when 4695 is divided by 326?
131
What is the remainder when 23179 is divided by 126?
121
What is the remainder when 103397 is divided by 12924?
5
Calculate the remainder when 895486 is divided by 33.
31
What is the remainder when 886 is divided by 466?
420
What is the remainder when 2311 is divided by 230?
11
What is the remainder when 56959 is divided by 4062?
91
What is the remainder when 299918 is divided by 90?
38
What is the remainder when 4958 is divided by 1549?
311
Calculate the remainder when 6243 is divided by 30.
3
What is the remainder when 13124 is divided by 12?
8
What is the remainder when 210886 is divided by 36?
34
Calculate the remainder when 646 is divided by 611.
35
What is the remainder when 462 is divided by 122?
96
Calculate the remainder when 6208 is divided by 86.
16
What is the remainder when 4192 is divided by 693?
34
Calculate the remainder when 1360 is divided by 109.
52
What is the remainder when 41226 is divided by 330?
306
What is the remainder when 107051 is divided by 900?
851
Calculate the remainder when 13112 is divided by 80.
72
Calculate the remainder when 298183 is divided by 361.
358
Calculate the remainder when 1717 is divided by 329.
72
What is the remainder when 6593 is divided by 3289?
15
What is the remainder when 19630 is divided by 409?
407
Calculate the remainder when 18950 is divided by 103.
101
Calculate the remainder when 10870 is divided by 68.
58
Calculate the remainder when 2158319 is divided by 460.
459
Calculate the remainder when 35277 is divided by 118.
113
What is the remainder when 4256 is divided by 4225?
31
What is the remainder when 1582110 is divided by 112?
110
What is the remainder when 7237 is divided by 1071?
811
What is the remainder when 280408 is divided by 30?
28
What is the remainder when 37633 is divided by 2090?
13
What is the remainder when 470 is divided by 38?
14
What is the remainder when 148662 is divided by 74?
70
What is the remainder when 31819 is divided by 53?
19
Calculate the remainder when 1513 is divided by 253.
248
What is the remainder when 14762 is divided by 2458?
14
What is the remainder when 1186035 is divided by 16247?
4
What is the remainder when 44307 is divided by 8859?
12
Calculate the remainder when 995 is divided by 204.
179
What is the remainder when 1812 is divided by 1808?
4
Calculate the remainder when 26800 is divided by 503.
141
Calculate the remainder when 33295 is divided by 3318.
115
Calculate the remainder when 1147564 is divided by 811.
810
Calculate the remainder when 70886 is divided by 84.
74
What is the remainder when 145617 is divided by 7?
3
Calculate the remainder when 1353 is divided by 1353.
0
What is the remainder when 25831 is divided by 8583?
82
Calculate the remainder when 32213 is divided by 182.
181
What is the remainder when 5820 is divided by 501?
309
Calculate the remainder when 147498 is divided by 243.
240
Calculate the remainder when 4108 is divided by 353.
225
What is the remainder when 1080 is divided by 287?
219
What is the remainder when 688 is divided by 31?
6
Calculate the remainder when 6085 is divided by 4.
1
Calculate the remainder when 79519 is divided by 28.
27
Calculate the remainder when 920 is divided by 912.
8
Calculate the remainder when 3949 is divided by 818.
677
Calculate the remainder when 9306 is divided by 227.
226
What is the remainder when 725752 is divided by 664?
0
What is the remainder when 1397 is divided by 347?
9
Calculate the remainder when 12179 is divided by 12034.
145
What is the remainder when 5413 is divided by 1081?
8
Calculate the remainder when 9407 is divided by 4349.
709
Calculate the remainder when 19212 is divided by 538.
382
Calculate the remainder when 1321007 is divided by 87.
86
What is the remainder when 34866 is divided by 1396?
1362
What is the remainder when 50600 is divided by 217?
39
What is the remainder when 3221 is divided by 460?
1
Calculate the remainder when 1807 is divided by 474.
385
What is the remainder when 46239 is divided by 63?
60
Calculate the remainder when 1394504 is divided by 474.
470
Calculate the remainder when 5812 is divided by 1410.
172
What is the remainder when 27507 is divided by 1012?
183
What is the remainder when 13505 is divided by 70?
65
What is the remainder when 5108 is divided by 227?
114
What is the remainder when 1281 is divided by 1262?
19
Calculate the remainder when 318 is divided by 20.
18
Calculate the remainder when 8762 is divided by 2889.
95
What is the remainder when 13220 is divided by 776?
28
What is the remainder when 77114 is divided by 77107?
7
What is the remainder when 55851 is divided by 9?
6
What is the remainder when 20147 is divided by 341?
28
What is the remainder when 23794 is divided by 4?
2
Calculate the remainder when 127617 is divided by 127616.
1
What is the remainder when 2427 is divided by 202?
3
Calculate the remainder when 9449 is divided by 45.
44
Calculate the remainder when 7986 is divided by 1984.
50
Calculate the remainder when 33055 is divided by 8.
7
What is the remainder when 9808 is divided by 246?
214
What is the remainder when 23682 is divided by 36?
30
Calculate the remainder when 4328 is divided by 1426.
50
What is the remainder when 1485 is divided by 21?
15
What is the remainder when 207396 is divided by 7?
0
What is the remainder when 128893 is divided by 1535?
1488
What is the remainder when 85391 is divided by 127?
47
Calculate the remainder when 456385 is divided by 49.
48
What is the remainder when 62300 is divided by 12?
8
What is the remainder when 2282 is divided by 1111?
60
What is the remainder when 3742 is divided by 97?
56
Calculate the remainder when 1534 is divided by 159.
103
What is the remainder when 2387 is divided by 474?
17
What is the remainder when 2849 is divided by 66?
11
What is the remainder when 101345 is divided by 719?
685
Calculate the remainder when 17994 is divided by 329.
228
What is the remainder when 6611 is divided by 132?
11
Calculate the remainder when 121207 is divided by 404.
7
Calculate the remainder when 1918 is divided by 897.
124
What is the remainder when 2527 is divided by 48?
31
What is the remainder when 22829 is divided by 49?
44
What is t